{"id":1099,"date":"2015-07-06T13:49:45","date_gmt":"2015-07-06T13:49:45","guid":{"rendered":"http:\/\/zlobek.mikolow.eu\/?page_id=1099"},"modified":"2019-04-15T11:31:09","modified_gmt":"2019-04-15T11:31:09","slug":"pn-22015-dostawa-zywnosci-dla-zlobka-miejskiego-im-tadeusza-wiecka-w-mikolowie","status":"publish","type":"page","link":"https:\/\/zlobek.mikolow.eu\/?page_id=1099","title":{"rendered":"PN-2\/2015 Dostawa \u017cywno\u015bci dla \u017b\u0142obka Miejskiego im. Tadeusza Wi\u0119cka w Miko\u0142owie"},"content":{"rendered":"<p><a href=\"https:\/\/zlobek.mikolow.eu\/wp-content\/uploads\/2015\/07\/ogloszenie-o-udzieleniu-zam.php_.htm\">Og\u0142oszenie o udzieleniu zam\u00f3wienia<\/a><\/p>\n<p>&nbsp;<\/p>\n<p><a href=\"https:\/\/zlobek.mikolow.eu\/wp-content\/uploads\/2015\/07\/PN_2_2015_zawiadomienie_o_wyborze.pdf\">Zawiadomienie o wyborze oferty<\/a><\/p>\n<p>&nbsp;<\/p>\n<p><a href=\"https:\/\/zlobek.mikolow.eu\/wp-content\/uploads\/2015\/07\/SIWZ-PN-2-2015.pdf\">SIWZ-PN-2-2015<\/a><\/p>\n<p><a href=\"https:\/\/zlobek.mikolow.eu\/wp-content\/uploads\/2015\/07\/ogloszenie1.htm\">Og\u0142oszenie<\/a><\/p>\n<p><a href=\"https:\/\/zlobek.mikolow.eu\/wp-content\/uploads\/2015\/07\/PN_2_2015_Zal-A-mleko_cz_1.pdf\">PN_2_2015_Zal A mleko_cz_1<\/a><\/p>\n<p><a href=\"https:\/\/zlobek.mikolow.eu\/wp-content\/uploads\/2015\/07\/PN_2_2015_Zal-B-pieczywo_cz_2.pdf\">PN_2_2015_Zal B pieczywo_cz_2<\/a><\/p>\n<p><a href=\"https:\/\/zlobek.mikolow.eu\/wp-content\/uploads\/2015\/07\/PN_2_2015_Zal-C-sypkie_cz_3.pdf\">PN_2_2015_Zal C sypkie_cz_3<\/a><\/p>\n<p><a href=\"https:\/\/zlobek.mikolow.eu\/wp-content\/uploads\/2015\/07\/PN_2_2015_Zal-D-ryby_cz_4.pdf\">PN_2_2015_Zal D ryby_cz_4<\/a><\/p>\n<p><a href=\"https:\/\/zlobek.mikolow.eu\/wp-content\/uploads\/2015\/07\/PN_2_2015_Zal-E-mro\u017conki_cz_5.pdf\">PN_2_2015_Zal E mro\u017conki_cz_5<\/a><\/p>\n<p><a href=\"https:\/\/zlobek.mikolow.eu\/wp-content\/uploads\/2015\/07\/PN_2_2015_Zal-F-niemowleta_cz_6.pdf\">PN_2_2015_Zal F niemowleta_cz_6<\/a><\/p>\n<p><a href=\"https:\/\/zlobek.mikolow.eu\/wp-content\/uploads\/2015\/07\/PN_2_2015_zal-1-form-oferty_cz_1.pdf\">PN_2_2015_zal 1 form oferty_cz_1<\/a><\/p>\n<p><a href=\"https:\/\/zlobek.mikolow.eu\/wp-content\/uploads\/2015\/07\/PN_2_2015_zal-2-form-oferty_cz_2.pdf\">PN_2_2015_zal 2 form oferty_cz_2<\/a><\/p>\n<p><a href=\"https:\/\/zlobek.mikolow.eu\/wp-content\/uploads\/2015\/07\/PN_2_2015_zal-3-form-oferty_cz_3.pdf\">PN_2_2015_zal 3 form oferty_cz_3<\/a><\/p>\n<p><a href=\"https:\/\/zlobek.mikolow.eu\/wp-content\/uploads\/2015\/07\/PN_2_2015_zal-4-form-oferty_cz_4.pdf\">PN_2_2015_zal 4 form oferty_cz_4<\/a><\/p>\n<p><a href=\"https:\/\/zlobek.mikolow.eu\/wp-content\/uploads\/2015\/07\/PN_2_2015_zal-5-form-oferty_cz_5.pdf\">PN_2_2015_zal 5 form oferty_cz_5<\/a><\/p>\n<p><a href=\"https:\/\/zlobek.mikolow.eu\/wp-content\/uploads\/2015\/07\/PN_2_2015_zal-6-form-oferty_cz_6.pdf\">PN_2_2015_zal 6 form oferty_cz_6<\/a><\/p>\n<p><a href=\"https:\/\/zlobek.mikolow.eu\/wp-content\/uploads\/2015\/07\/PN_2_2015_zal-7-o\u015bwiadczenie.pdf\">PN_2_2015_zal 7 o\u015bwiadczenie<\/a><\/p>\n<p><a href=\"https:\/\/zlobek.mikolow.eu\/wp-content\/uploads\/2015\/07\/PN_2_2015_zal-8-o\u015bwiadczenie-grupa-kap.pdf\">PN_2_2015_zal 8 o\u015bwiadczenie grupa kap<\/a><\/p>\n<p><a href=\"https:\/\/zlobek.mikolow.eu\/wp-content\/uploads\/2015\/07\/Wz\u00f3r-Umowy-PN-2.pdf\">Wz\u00f3r Umowy PN-2<\/a><\/p>\n","protected":false},"excerpt":{"rendered":"<p>Og\u0142oszenie o udzieleniu zam\u00f3wienia &nbsp; Zawiadomienie o wyborze oferty &nbsp; SIWZ-PN-2-2015 Og\u0142oszenie PN_2_2015_Zal A mleko_cz_1 PN_2_2015_Zal B pieczywo_cz_2 PN_2_2015_Zal C sypkie_cz_3 PN_2_2015_Zal D ryby_cz_4 PN_2_2015_Zal E mro\u017conki_cz_5 PN_2_2015_Zal F niemowleta_cz_6 PN_2_2015_zal 1 form oferty_cz_1 PN_2_2015_zal 2 form oferty_cz_2 PN_2_2015_zal 3 form oferty_cz_3 PN_2_2015_zal 4 form oferty_cz_4 PN_2_2015_zal 5 form oferty_cz_5 PN_2_2015_zal 6 form oferty_cz_6 PN_2_2015_zal 7 o\u015bwiadczenie PN_2_2015_zal 8 o\u015bwiadczenie grupa kap Wz\u00f3r Umowy PN-2<\/p>\n","protected":false},"author":5,"featured_media":0,"parent":4143,"menu_order":3,"comment_status":"closed","ping_status":"closed","template":"","meta":{"footnotes":""},"class_list":["post-1099","page","type-page","status-publish","hentry"],"_links":{"self":[{"href":"https:\/\/zlobek.mikolow.eu\/index.php?rest_route=\/wp\/v2\/pages\/1099","targetHints":{"allow":["GET"]}}],"collection":[{"href":"https:\/\/zlobek.mikolow.eu\/index.php?rest_route=\/wp\/v2\/pages"}],"about":[{"href":"https:\/\/zlobek.mikolow.eu\/index.php?rest_route=\/wp\/v2\/types\/page"}],"author":[{"embeddable":true,"href":"https:\/\/zlobek.mikolow.eu\/index.php?rest_route=\/wp\/v2\/users\/5"}],"replies":[{"embeddable":true,"href":"https:\/\/zlobek.mikolow.eu\/index.php?rest_route=%2Fwp%2Fv2%2Fcomments&post=1099"}],"version-history":[{"count":6,"href":"https:\/\/zlobek.mikolow.eu\/index.php?rest_route=\/wp\/v2\/pages\/1099\/revisions"}],"predecessor-version":[{"id":1144,"href":"https:\/\/zlobek.mikolow.eu\/index.php?rest_route=\/wp\/v2\/pages\/1099\/revisions\/1144"}],"up":[{"embeddable":true,"href":"https:\/\/zlobek.mikolow.eu\/index.php?rest_route=\/wp\/v2\/pages\/4143"}],"wp:attachment":[{"href":"https:\/\/zlobek.mikolow.eu\/index.php?rest_route=%2Fwp%2Fv2%2Fmedia&parent=1099"}],"curies":[{"name":"wp","href":"https:\/\/api.w.org\/{rel}","templated":true}]}}