{"id":1153,"date":"2015-08-05T07:25:27","date_gmt":"2015-08-05T07:25:27","guid":{"rendered":"http:\/\/zlobek.mikolow.eu\/?page_id=1153"},"modified":"2019-04-15T11:30:25","modified_gmt":"2019-04-15T11:30:25","slug":"pn-32015-sukcesywna-dostawa-srodkow-czystosci-do-zlobka-miejskiego-im-tadeusza-wiecka-w-mikolowie","status":"publish","type":"page","link":"https:\/\/zlobek.mikolow.eu\/?page_id=1153","title":{"rendered":"PN-3\/2015 Sukcesywna dostawa \u015brodk\u00f3w czysto\u015bci do \u017b\u0142obka Miejskiego im. Tadeusza Wi\u0119cka w Miko\u0142owie."},"content":{"rendered":"<p><a href=\"https:\/\/zlobek.mikolow.eu\/wp-content\/uploads\/2015\/10\/PN_3_2015_ogloszenie_o_udziel_zam.htm\">PN_3_2015_og\u0142oszenie_o_udzieleniu_zam\u00f3wienia<\/a><\/p>\n<p><a href=\"https:\/\/zlobek.mikolow.eu\/wp-content\/uploads\/2015\/08\/PN_3_2015_zawiadomienie_o_wyborze.pdf\">Zawiadomienie\u00a0 o wyborze oferty<\/a><\/p>\n<p>&nbsp;<\/p>\n<p><a href=\"https:\/\/zlobek.mikolow.eu\/wp-content\/uploads\/2015\/08\/ogloszenie_o_zamowieniu.php_.htm\">Og\u0142oszenie_o_zam\u00f3wieniu<\/a><\/p>\n<p><a href=\"https:\/\/zlobek.mikolow.eu\/wp-content\/uploads\/2015\/08\/PN_3_2015_siwz.pdf\">PN_3_2015_siwz<\/a><\/p>\n<p><a href=\"https:\/\/zlobek.mikolow.eu\/wp-content\/uploads\/2015\/08\/PN_3_2015_zal_1.pdf\">PN_3_2015_zal_1<\/a><\/p>\n<p><a href=\"https:\/\/zlobek.mikolow.eu\/wp-content\/uploads\/2015\/08\/PN_3_2015_zal_2.pdf\">PN_3_2015_zal_2<\/a><\/p>\n<p><a href=\"https:\/\/zlobek.mikolow.eu\/wp-content\/uploads\/2015\/08\/PN_3_2015_zal_3.pdf\">PN_3_2015_zal_3<\/a><\/p>\n<p><a href=\"https:\/\/zlobek.mikolow.eu\/wp-content\/uploads\/2015\/08\/PN_3_2015_zal_4.pdf\">PN_3_2015_zal_4<\/a><\/p>\n<p><a href=\"https:\/\/zlobek.mikolow.eu\/wp-content\/uploads\/2015\/08\/PN_3_2015_wzor_umowy.pdf\">PN_3_2015_wz\u00f3r_umowy<\/a><\/p>\n<p>&nbsp;<\/p>\n","protected":false},"excerpt":{"rendered":"<p>PN_3_2015_og\u0142oszenie_o_udzieleniu_zam\u00f3wienia Zawiadomienie\u00a0 o wyborze oferty &nbsp; Og\u0142oszenie_o_zam\u00f3wieniu PN_3_2015_siwz PN_3_2015_zal_1 PN_3_2015_zal_2 PN_3_2015_zal_3 PN_3_2015_zal_4 PN_3_2015_wz\u00f3r_umowy &nbsp;<\/p>\n","protected":false},"author":5,"featured_media":0,"parent":4143,"menu_order":2,"comment_status":"closed","ping_status":"closed","template":"","meta":{"footnotes":""},"class_list":["post-1153","page","type-page","status-publish","hentry"],"_links":{"self":[{"href":"https:\/\/zlobek.mikolow.eu\/index.php?rest_route=\/wp\/v2\/pages\/1153","targetHints":{"allow":["GET"]}}],"collection":[{"href":"https:\/\/zlobek.mikolow.eu\/index.php?rest_route=\/wp\/v2\/pages"}],"about":[{"href":"https:\/\/zlobek.mikolow.eu\/index.php?rest_route=\/wp\/v2\/types\/page"}],"author":[{"embeddable":true,"href":"https:\/\/zlobek.mikolow.eu\/index.php?rest_route=\/wp\/v2\/users\/5"}],"replies":[{"embeddable":true,"href":"https:\/\/zlobek.mikolow.eu\/index.php?rest_route=%2Fwp%2Fv2%2Fcomments&post=1153"}],"version-history":[{"count":8,"href":"https:\/\/zlobek.mikolow.eu\/index.php?rest_route=\/wp\/v2\/pages\/1153\/revisions"}],"predecessor-version":[{"id":1255,"href":"https:\/\/zlobek.mikolow.eu\/index.php?rest_route=\/wp\/v2\/pages\/1153\/revisions\/1255"}],"up":[{"embeddable":true,"href":"https:\/\/zlobek.mikolow.eu\/index.php?rest_route=\/wp\/v2\/pages\/4143"}],"wp:attachment":[{"href":"https:\/\/zlobek.mikolow.eu\/index.php?rest_route=%2Fwp%2Fv2%2Fmedia&parent=1153"}],"curies":[{"name":"wp","href":"https:\/\/api.w.org\/{rel}","templated":true}]}}