{"id":1351,"date":"2015-11-09T12:25:48","date_gmt":"2015-11-09T12:25:48","guid":{"rendered":"http:\/\/zlobek.mikolow.eu\/?page_id=1351"},"modified":"2019-04-15T11:40:15","modified_gmt":"2019-04-15T11:40:15","slug":"pn-102015-zakup-i-dostawa-artykulow-plastycznych-i-biurowych-do-zlobka-miejskiego-im-tadeusza-wiecka-w-mikolowie-3","status":"publish","type":"page","link":"https:\/\/zlobek.mikolow.eu\/?page_id=1351","title":{"rendered":"PN-10 \/2015 Zakup i dostawa artyku\u0142\u00f3w plastycznych i biurowych do \u017b\u0142obka Miejskiego im. Tadeusza Wi\u0119cka w Miko\u0142owie"},"content":{"rendered":"<p><a href=\"https:\/\/zlobek.mikolow.eu\/wp-content\/uploads\/2015\/12\/PN_10_2015_ogloszenie_o_udziel_zam.htm\">PN_10_2015_og\u0142oszenie_o_udzieleniu\u00a0 zam\u00f3wienia<br \/>\n<\/a><\/p>\n<p><a href=\"https:\/\/zlobek.mikolow.eu\/wp-content\/uploads\/2015\/12\/PN_10_2015_wynik.pdf\">PN_10_2015_informacja o wyborze oferty<\/a><a href=\"https:\/\/zlobek.mikolow.eu\/wp-content\/uploads\/2015\/11\/PN_10_2015_ODP_A.jpg\"><img loading=\"lazy\" decoding=\"async\" class=\"alignnone size-medium wp-image-1359\" src=\"https:\/\/zlobek.mikolow.eu\/wp-content\/uploads\/2015\/11\/PN_10_2015_ODP_A-197x300.jpg\" alt=\"PN_10_2015_ODP_A\" width=\"197\" height=\"300\" srcset=\"https:\/\/zlobek.mikolow.eu\/wp-content\/uploads\/2015\/11\/PN_10_2015_ODP_A-197x300.jpg 197w, https:\/\/zlobek.mikolow.eu\/wp-content\/uploads\/2015\/11\/PN_10_2015_ODP_A-672x1024.jpg 672w, https:\/\/zlobek.mikolow.eu\/wp-content\/uploads\/2015\/11\/PN_10_2015_ODP_A.jpg 1152w\" sizes=\"auto, (max-width: 197px) 100vw, 197px\" \/><\/a> <a href=\"https:\/\/zlobek.mikolow.eu\/wp-content\/uploads\/2015\/11\/pytanie-A.jpg\"><img loading=\"lazy\" decoding=\"async\" class=\"alignnone size-medium wp-image-1360\" src=\"https:\/\/zlobek.mikolow.eu\/wp-content\/uploads\/2015\/11\/pytanie-A-216x300.jpg\" alt=\"pytanie A\" width=\"216\" height=\"300\" srcset=\"https:\/\/zlobek.mikolow.eu\/wp-content\/uploads\/2015\/11\/pytanie-A-216x300.jpg 216w, https:\/\/zlobek.mikolow.eu\/wp-content\/uploads\/2015\/11\/pytanie-A-738x1024.jpg 738w, https:\/\/zlobek.mikolow.eu\/wp-content\/uploads\/2015\/11\/pytanie-A.jpg 1264w\" sizes=\"auto, (max-width: 216px) 100vw, 216px\" \/><\/a><\/p>\n<p><a href=\"https:\/\/zlobek.mikolow.eu\/wp-content\/uploads\/2015\/11\/PN_10_2015_zal_1.doc\">PN_10_2015_zal_1<\/a>&#8211; wersja edytowalna<\/p>\n<p>&nbsp;<\/p>\n<p><a href=\"https:\/\/zlobek.mikolow.eu\/wp-content\/uploads\/2015\/11\/PN-10_ogloszenie_o_zam_index.php_.htm\">PN-10_og\u0142oszenie\u00a0 o zam\u00f3wieniu<\/a><\/p>\n<p><a href=\"https:\/\/zlobek.mikolow.eu\/wp-content\/uploads\/2015\/11\/PN_10_2015_siwz.pdf\">PN_10_2015_siwz<\/a><\/p>\n<p><a href=\"https:\/\/zlobek.mikolow.eu\/wp-content\/uploads\/2015\/11\/PN_10_2015_zal_1.pdf\">PN_10_2015_zal_1<\/a><\/p>\n<p><a href=\"https:\/\/zlobek.mikolow.eu\/wp-content\/uploads\/2015\/11\/PN_10_2015_zal_2.pdf\">PN_10_2015_zal_2<\/a><\/p>\n<p><a href=\"https:\/\/zlobek.mikolow.eu\/wp-content\/uploads\/2015\/11\/PN_10_2015_zal_3.pdf\">PN_10_2015_zal_3<\/a><\/p>\n<p><a href=\"https:\/\/zlobek.mikolow.eu\/wp-content\/uploads\/2015\/11\/PN_10_2015_wzor_umowy.pdf\">PN_10_2015_wz\u00f3r_umowy<\/a><\/p>\n","protected":false},"excerpt":{"rendered":"<p>PN_10_2015_og\u0142oszenie_o_udzieleniu\u00a0 zam\u00f3wienia PN_10_2015_informacja o wyborze oferty PN_10_2015_zal_1&#8211; wersja edytowalna &nbsp; PN-10_og\u0142oszenie\u00a0 o zam\u00f3wieniu PN_10_2015_siwz PN_10_2015_zal_1 PN_10_2015_zal_2 PN_10_2015_zal_3 PN_10_2015_wz\u00f3r_umowy<\/p>\n","protected":false},"author":5,"featured_media":0,"parent":4143,"menu_order":12,"comment_status":"closed","ping_status":"closed","template":"","meta":{"footnotes":""},"class_list":["post-1351","page","type-page","status-publish","hentry"],"_links":{"self":[{"href":"https:\/\/zlobek.mikolow.eu\/index.php?rest_route=\/wp\/v2\/pages\/1351","targetHints":{"allow":["GET"]}}],"collection":[{"href":"https:\/\/zlobek.mikolow.eu\/index.php?rest_route=\/wp\/v2\/pages"}],"about":[{"href":"https:\/\/zlobek.mikolow.eu\/index.php?rest_route=\/wp\/v2\/types\/page"}],"author":[{"embeddable":true,"href":"https:\/\/zlobek.mikolow.eu\/index.php?rest_route=\/wp\/v2\/users\/5"}],"replies":[{"embeddable":true,"href":"https:\/\/zlobek.mikolow.eu\/index.php?rest_route=%2Fwp%2Fv2%2Fcomments&post=1351"}],"version-history":[{"count":8,"href":"https:\/\/zlobek.mikolow.eu\/index.php?rest_route=\/wp\/v2\/pages\/1351\/revisions"}],"predecessor-version":[{"id":1558,"href":"https:\/\/zlobek.mikolow.eu\/index.php?rest_route=\/wp\/v2\/pages\/1351\/revisions\/1558"}],"up":[{"embeddable":true,"href":"https:\/\/zlobek.mikolow.eu\/index.php?rest_route=\/wp\/v2\/pages\/4143"}],"wp:attachment":[{"href":"https:\/\/zlobek.mikolow.eu\/index.php?rest_route=%2Fwp%2Fv2%2Fmedia&parent=1351"}],"curies":[{"name":"wp","href":"https:\/\/api.w.org\/{rel}","templated":true}]}}