{"id":2146,"date":"2016-07-06T18:12:01","date_gmt":"2016-07-06T18:12:01","guid":{"rendered":"http:\/\/zlobek.mikolow.eu\/?page_id=2146"},"modified":"2019-04-15T11:26:43","modified_gmt":"2019-04-15T11:26:43","slug":"pn-32016zm-zakup-i-dostawa-artykulow-plastycznych-i-biurowych","status":"publish","type":"page","link":"https:\/\/zlobek.mikolow.eu\/?page_id=2146","title":{"rendered":"PN-3\/2016\/\u017bM zakup i dostawa artyku\u0142\u00f3w plastycznych i biurowych"},"content":{"rendered":"<p>http:\/\/www.mikolow.bip.gmina.pl\/index.php?id=1372<\/p>\n","protected":false},"excerpt":{"rendered":"<p>http:\/\/www.mikolow.bip.gmina.pl\/index.php?id=1372<\/p>\n","protected":false},"author":5,"featured_media":0,"parent":4139,"menu_order":6,"comment_status":"closed","ping_status":"closed","template":"","meta":{"footnotes":""},"class_list":["post-2146","page","type-page","status-publish","hentry"],"_links":{"self":[{"href":"https:\/\/zlobek.mikolow.eu\/index.php?rest_route=\/wp\/v2\/pages\/2146","targetHints":{"allow":["GET"]}}],"collection":[{"href":"https:\/\/zlobek.mikolow.eu\/index.php?rest_route=\/wp\/v2\/pages"}],"about":[{"href":"https:\/\/zlobek.mikolow.eu\/index.php?rest_route=\/wp\/v2\/types\/page"}],"author":[{"embeddable":true,"href":"https:\/\/zlobek.mikolow.eu\/index.php?rest_route=\/wp\/v2\/users\/5"}],"replies":[{"embeddable":true,"href":"https:\/\/zlobek.mikolow.eu\/index.php?rest_route=%2Fwp%2Fv2%2Fcomments&post=2146"}],"version-history":[{"count":1,"href":"https:\/\/zlobek.mikolow.eu\/index.php?rest_route=\/wp\/v2\/pages\/2146\/revisions"}],"predecessor-version":[{"id":2147,"href":"https:\/\/zlobek.mikolow.eu\/index.php?rest_route=\/wp\/v2\/pages\/2146\/revisions\/2147"}],"up":[{"embeddable":true,"href":"https:\/\/zlobek.mikolow.eu\/index.php?rest_route=\/wp\/v2\/pages\/4139"}],"wp:attachment":[{"href":"https:\/\/zlobek.mikolow.eu\/index.php?rest_route=%2Fwp%2Fv2%2Fmedia&parent=2146"}],"curies":[{"name":"wp","href":"https:\/\/api.w.org\/{rel}","templated":true}]}}