{"id":4835,"date":"2021-03-04T10:37:44","date_gmt":"2021-03-04T10:37:44","guid":{"rendered":"http:\/\/zlobek.mikolow.eu\/?page_id=4835"},"modified":"2021-03-04T10:37:44","modified_gmt":"2021-03-04T10:37:44","slug":"dofinansowanie","status":"publish","type":"page","link":"https:\/\/zlobek.mikolow.eu\/?page_id=4835","title":{"rendered":"Dofinansowanie"},"content":{"rendered":"\n<p>O dofinansowanie mog\u0105 ubiega\u0107 si\u0119&nbsp; rodzice dzieci:<\/p>\n\n\n\n<p>&#8211; znajduj\u0105cych si\u0119 na li\u015bcie oczekuj\u0105cych,<\/p>\n\n\n\n<p>&#8211; mieszkaj\u0105cych w Miko\u0142owie, kt\u00f3rzy odprowadzaj\u0105 podatki do gminy,<\/p>\n\n\n\n<p>&#8211; pracuj\u0105cych i nie przebywaj\u0105cych na urlopie macierzy\u0144skim, rodzicielskim&nbsp;<br>i wychowawczym (za\u015bwiadczenie z pracy obojga rodzic\u00f3w z tak\u0105 adnotacj\u0105),<\/p>\n\n\n\n<p>&#8211; wszyscy zobowi\u0105zani s\u0105 tak\u017ce do dostarczenia pierwszej strony zeznania podatkowego ( pit 37 lub inny + UPO) i wydrukowanego wniosku o przyj\u0119cie dziecka do \u017c\u0142obka (dokument znajduje si\u0119 na stronie \u017c\u0142obka w zak\u0142adce ?do druku?),<\/p>\n\n\n\n<p>&#8211; rodzice prowadz\u0105cy w\u0142asn\u0105 dzia\u0142alno\u015b\u0107 s\u0105 zobowi\u0105zani przed\u0142o\u017cy\u0107 wydruk z rejestru CEIDG oraz o\u015bwiadczenie wypisane w\u0142asnor\u0119cznie, \u017ce osoba nie przebywa na w\/w urlopach.<\/p>\n","protected":false},"excerpt":{"rendered":"<p>O dofinansowanie mog\u0105 ubiega\u0107 si\u0119&nbsp; rodzice dzieci: &#8211; znajduj\u0105cych si\u0119 na li\u015bcie oczekuj\u0105cych, &#8211; mieszkaj\u0105cych w Miko\u0142owie, kt\u00f3rzy odprowadzaj\u0105 podatki do gminy, &#8211; pracuj\u0105cych i nie przebywaj\u0105cych na urlopie macierzy\u0144skim, rodzicielskim&nbsp;i wychowawczym (za\u015bwiadczenie z pracy obojga rodzic\u00f3w z tak\u0105 adnotacj\u0105), &#8211; wszyscy zobowi\u0105zani s\u0105 tak\u017ce do dostarczenia pierwszej strony zeznania podatkowego ( pit 37 lub inny + UPO) i wydrukowanego wniosku o przyj\u0119cie dziecka do \u017c\u0142obka (dokument znajduje si\u0119 na stronie \u017c\u0142obka w zak\u0142adce ?do druku?), &#8211; rodzice prowadz\u0105cy w\u0142asn\u0105 dzia\u0142alno\u015b\u0107 s\u0105 zobowi\u0105zani przed\u0142o\u017cy\u0107 wydruk z rejestru CEIDG oraz o\u015bwiadczenie wypisane w\u0142asnor\u0119cznie, \u017ce osoba nie przebywa na w\/w urlopach.<\/p>\n","protected":false},"author":5,"featured_media":0,"parent":0,"menu_order":0,"comment_status":"closed","ping_status":"closed","template":"","meta":{"footnotes":""},"class_list":["post-4835","page","type-page","status-publish","hentry"],"_links":{"self":[{"href":"https:\/\/zlobek.mikolow.eu\/index.php?rest_route=\/wp\/v2\/pages\/4835","targetHints":{"allow":["GET"]}}],"collection":[{"href":"https:\/\/zlobek.mikolow.eu\/index.php?rest_route=\/wp\/v2\/pages"}],"about":[{"href":"https:\/\/zlobek.mikolow.eu\/index.php?rest_route=\/wp\/v2\/types\/page"}],"author":[{"embeddable":true,"href":"https:\/\/zlobek.mikolow.eu\/index.php?rest_route=\/wp\/v2\/users\/5"}],"replies":[{"embeddable":true,"href":"https:\/\/zlobek.mikolow.eu\/index.php?rest_route=%2Fwp%2Fv2%2Fcomments&post=4835"}],"version-history":[{"count":1,"href":"https:\/\/zlobek.mikolow.eu\/index.php?rest_route=\/wp\/v2\/pages\/4835\/revisions"}],"predecessor-version":[{"id":4836,"href":"https:\/\/zlobek.mikolow.eu\/index.php?rest_route=\/wp\/v2\/pages\/4835\/revisions\/4836"}],"wp:attachment":[{"href":"https:\/\/zlobek.mikolow.eu\/index.php?rest_route=%2Fwp%2Fv2%2Fmedia&parent=4835"}],"curies":[{"name":"wp","href":"https:\/\/api.w.org\/{rel}","templated":true}]}}